g(-54) is divided by 58.
30
Suppose 40*f - 18*f - 4138 - 20 = 0. Calculate the remainder when f is divided by 18.
9
Let c be -8 + (-5)/((-5)/714). Suppose c + 59 = 51*f. What is the remainder when 177 is divided by f?
12
Let c = -17198 - -64146. What is the remainder when (c/24)/11 - (-3)/18 is divided by 26?
22
Suppose 40 = 5*z + 3*a, 5*z = 2*z + 2*a + 5. Suppose 476 = 4*j - z*d - 65, -4*j = -3*d - 539. Calculate the remainder when j is divided by 21.
8
Let f be (-3 + 0 + 4)*18/2. Suppose -31 - 41 = -f*l. Let q(g) = 8*g - 25. Calculate the remainder when q(l) is divided by 15.
9
Let x = 60 + -53. Suppose 2*d - 19 = w, 36 = 4*d - 5*w + x. Suppose -d*t + 200 = -t. Calculate the remainder when 39 is divided by t.
19
Suppose -4*c - 227 = 521. Let w = -126 - c. Let l = -44 + w. Calculate the remainder when 82 is divided by l.
14
Suppose 68*a = -0*a + 1496. Calculate the remainder when 879 is divided by a.
21
Let h(b) = 70 + 5*b - b - b. Let z(i) = i**3 + 12*i**2 - 2*i. Let r be z(0). What is the remainder when h(r) is divided by 25?
20
Let z(i) = -282*i**3 - 3*i**2 - 2*i + 3. Let j be z(1). Let d = -258 - j. Calculate the remainder when d is divided by 7.
5
Suppose 0 = -6*n + 166 + 50. Let w be 2*(4/14 + n/21). Suppose -w*h = 4*o - 18 - 18, 4*o - 4*h - 28 = 0. Calculate the remainder when 22 is divided by o.
6
Suppose -17*a + 13*a + w = -266, 0 = 3*a + 4*w - 209. Calculate the remainder when a is divided by 40.
27
Let c be 8/(-72)*-2486 + 4/(-18). Suppose -u + c = 11*u. Calculate the remainder when 25 is divided by u.
2
Suppose -2*l - 4*y + 1612 = 0, 88*y - 4066 = -5*l + 84*y. Calculate the remainder when l is divided by 74.
4
Let a(r) = 5*r**3 - 7*r**2 - 38*r + 25. Calculate the remainder when a(8) is divided by 31.
4
Let u be 13 - 6 - 2*1. Suppose d - 5*d + 29 = -t, -d - 19 = u*t. Let s = 38 + -15. Calculate the remainder when s is divided by d.
5
Let c(r) = 4*r - 8. Let a be c(3). Suppose -3*d + z = -2*z - 12, 1 = -d - a*z. Let n(w) = -w - 6. What is the remainder when d is divided by n(-9)?
0
Let m be (4*(-3)/6 + 3)*14. Let x(l) = 3 + 17*l + 4*l**2 + 0*l**2 - m*l + 0. Calculate the remainder when 48 is divided by x(-2).
9
Let j(v) = -44 + 0 - 3*v**2 - 3 + 41*v + 2*v**2. Calculate the remainder when j(11) is divided by 32.
27
Suppose c - 4*v + 5*v - 8 = 0, -5*v + 25 = 2*c. Let r be ((-6)/c)/((-18)/(-120)*-2). What is the remainder when (-20)/(-5)*(0 - (-39)/r) is divided by 21?
18
Let u be 3*(-1 - (-154)/4)*-2. Let k = u + 304. What is the remainder when k is divided by 2*-10*4/(-5)?
15
Let d = -2 + 5. Suppose s = v + 6, -5*v = 4*s + d + 9. Suppose -c - 3*l = -16, -2*l = -433 + 423. What is the remainder when s is divided by c?
0
Suppose 672 = -7*o + 6*o - 4*g, 3*o + 2061 = -3*g. Let p = o + 698. Calculate the remainder when 687 is divided by p.
3
Suppose 7*n - 2*n = 85. Let r = n - -35. What is the remainder when r is divided by (-2)/(-11) + 8211/759?
8
Let v = 35388 + -35371. Calculate the remainder when 1917 is divided by v.
13
Suppose 55*z - 71*z = -15280. What is the remainder when z is divided by 40?
35
Suppose 0 = -4*d - d + 200. Let s = -15 + d. Suppose 74*q - q = -5*q + 546. What is the remainder when s is divided by q?
4
Suppose -3*o + o + 116 = 0. Let i = -228 + 273. Suppose -i*l + 20 = -44*l. Calculate the remainder when o is divided by l.
18
Let m be 200 + (-5)/(-2)*-2. Calculate the remainder when 377 is divided by (41 + 1)*m/130.
62
Let a = -65 - -56. Let o(q) = -q**3 - 9*q**2 - 3*q - 10. What is the remainder when 50 is divided by o(a)?
16
Let p(a) = a**2 + a + 7. Calculate the remainder when p(8) is divided by (-73 + 41 - -37)/(5/11).
2
Let u(j) = -17*j**2 + 490*j + 37. What is the remainder when u(18) is divided by 1114?
7
Suppose 418 + 8 = 5*d + 3*r, -58 = -d - 4*r. What is the remainder when d is divided by 46?
44
Let b(a) = a**3 + 4*a**2 + a - 6. Let z be b(-3). Suppose z = 57*t - 62*t + 115. What is the remainder when 134 is divided by t?
19
What is the remainder when 445 is divided by 73/4 - (-46)/(-184)?
13
Let h = 3933 + -3794. Calculate the remainder when h is divided by 58.
23
Let g = -11 + 16. Suppose -g*i + 12 = -4*i. Suppose 7*p = 173 - i. Calculate the remainder when p is divided by 6.
5
Let g(r) = -3*r + 6. Calculate the remainder when (-109)/1417 + 625/13 is divided by g(-5).
6
Calculate the remainder when (-70)/(-455) - 13512/(-52) is divided by 35.
15
Let g be ((-1)/2*-9)/(9/(-18)). Calculate the remainder when 127 is divided by (2/g*-3)/(64/3744).
10
Calculate the remainder when (6 - (-666)/(-54))/((-2)/174) is divided by 10.
1
Suppose -3*s = -172 - 53. Calculate the remainder when s is divided by 4/(-30) + 4214/945*9.
35
Let p = 84 + -82. What is the remainder when (-14 - -142)*1/p is divided by 13?
12
Calculate the remainder when 4130 is divided by 7*4/(-140)*-255.
50
Let w(k) = -45*k**3 + 4*k**2 - 4*k + 2. Let o be w(2). Let c = o + 364. What is the remainder when c is divided by 13?
1
Let k be (-32 - 2)*(-8)/((-176)/(-99)). Suppose 4*m - 158*i = -k*i + 147, -72 = -2*m + 2*i. Calculate the remainder when 326 is divided by m.
29
Let g be 8 + 316 - (-2 - (0 - -2)). Let w = -268 + g. Calculate the remainder when w is divided by 5.
0
Let a(l) = 4*l - 15. Let h be a(3). Let g(c) = -2*c + 42. Let u(p) = -p + 1. Let b(z) = h*u(z) + g(z). Calculate the remainder when 87 is divided by b(-17).
21
Suppose b + 15*f + 136 = 20*f, -2*f + 130 = -b. Calculate the remainder when 72 is divided by b/147*(-28)/6.
0
Let h(g) = 89*g + 6. Let p be h(3). Suppose 0 = -5*n - 143 + p. Suppose 3*q + 44 = 53. Calculate the remainder when n is divided by q.
2
Let j(u) = 193*u + 879. What is the remainder when 715 is divided by j(-4)?
73
Let n = 65537 + -65455. Calculate the remainder when n is divided by (-2)/2 - (-46 - -1).
38
Suppose 3*h - 3*a + 154 = 5*h, -3*h + 212 = -5*a. What is the remainder when h is divided by (-28796)/(-2191) + (-2)/14?
9
Suppose j + 132 = 35. Let a = 105 + -245. Let d = j - a. Calculate the remainder when d is divided by 9.
7
Suppose 3665 = -11238*y + 11222*y + 16897. Calculate the remainder when y is divided by 246.
89
Suppose 2*f - 88 = -3*m, 0 = 6*f - f + 3*m - 211. Let c = 10431 - 10407. Calculate the remainder when f is divided by c.
17
What is the remainder when 1709 is divided by 41/((-41)/(-12)) - -2?
1
Let m(g) = g**2 + 2*g + 12. Let a be ((-1)/(12/8))/((-1)/(-24)). Let s be m(a). Let r = 398 - s. Calculate the remainder when r is divided by 33.
30
Let k = 428 + -423. Suppose -k*i + 27 = -2*b + 108, 4*i = 2*b - 82. What is the remainder when 63 is divided by b?
20
Let o = -76 - -198. Let q(x) = -2*x**2 - 22*x - 7. Calculate the remainder when o is divided by q(-8).
40
Let h = -3578 + 3596. What is the remainder when h is divided by 12?
6
Let o = -31194 - -32301. Calculate the remainder when o is divided by 364.
15
Let h = -3081 + 3146. What is the remainder when 584 is divided by h?
64
Suppose 0 = -69*k + 246 + 20730. Calculate the remainder when k is divided by 21.
10
Let p(v) = v**2 - 10*v + 5. Let g be p(12). Suppose -9*o - g = -182. Calculate the remainder when 99 is divided by o.
14
Let p = 74 + -137. Let i = p + 37. Let s = i + 61. What is the remainder when 137 is divided by s?
32
Let w = 676 - 556. Suppose w*a = 127*a - 287. What is the remainder when 120 is divided by a?
38
Let c(j) = 13523*j + 40599. What is the remainder when (-2)/(-8) + (-2630)/(-8) is divided by c(-3)?
29
Suppose -3*t = -4*y + 17, 9 + 0 = -3*y - 5*t. Suppose y*n - 135 = -2*n - 3*q, 0 = 3*n + q - 95. Calculate the remainder when 179 is divided by n.
29
Suppose -42*v - 56412 + 7836 = -306*v. Calculate the remainder when 1136 is divided by v.
32
Suppose -v - 9 = 5*s - 55, -4*v = 5*s - 109. What is the remainder when ((-1584)/(-28))/(26/91) is divided by v?
9
Suppose l = 4*l - 4*n - 226, 67 = l - 3*n. Let c = 156 - l. Let r = c + 69. Calculate the remainder when r is divided by 12.
11
Let r(h) = 22*h**2 - 9*h - 9. Suppose -2*o - 12 + 4 = 0. What is the remainder when r(o) is divided by 78?
67
Let i(s) = 222*s - 88. Let z be i(7). Suppose -15*j = 221 - z. What is the remainder when j is divided by (-2)/6 - (-266)/6?
39
Let a(f) = 5*f**2 - 9308*f - 27911. Let q = 26 + -36. What is the remainder when a(-3) is divided by (